17
List the prime factors of 14526436.
2, 3631609
What are the prime factors of 55318016?
2, 13, 8311
List the prime factors of 283225712.
2, 7, 11, 17, 13523
List the prime factors of 45208782.
2, 3, 827, 3037
List the prime factors of 32324613.
3, 2741, 3931
What are the prime factors of 88026317?
401, 219517
What are the prime factors of 55155079?
7, 631, 12487
What are the prime factors of 144084905?
5, 29, 993689
List the prime factors of 56901551.
7, 2749, 2957
What are the prime factors of 1116506655?
3, 5, 11, 2255569
List the prime factors of 287567464.
2, 607, 59219
List the prime factors of 36185835.
3, 5, 7, 31, 11117
What are the prime factors of 805865583?
3, 53, 95629
List the prime factors of 9089029.
79, 103, 1117
List the prime factors of 151039125.
3, 5, 134257
List the prime factors of 15692441.
15692441
List the prime factors of 24481500.
2, 3, 5, 19, 859
List the prime factors of 45959693.
13, 29, 121909
List the prime factors of 5807038.
2, 47, 163, 379
List the prime factors of 480414673.
277, 1734349
List the prime factors of 1724740141.
2459, 701399
List the prime factors of 939163893.
3, 313054631
List the prime factors of 1966569803.
11, 1477513
What are the prime factors of 479322454?
2, 13, 18435479
List the prime factors of 996284583.
3, 7, 23, 229189
List the prime factors of 375557446.
2, 11, 17070793
List the prime factors of 38439409.
157, 244837
List the prime factors of 610584.
2, 3, 13, 19, 103
What are the prime factors of 1574771944?
2, 103, 173, 11047
List the prime factors of 100728532.
2, 43, 271, 2161
List the prime factors of 3034088247.
3, 139, 641, 11351
What are the prime factors of 5505839904?
2, 3, 79, 725981
What are the prime factors of 354846612?
2, 3, 4831, 6121
What are the prime factors of 13968137?
131, 106627
List the prime factors of 81452638.
2, 149, 443, 617
What are the prime factors of 434094906?
2, 3, 7, 10335593
What are the prime factors of 63737778?
2, 3, 13, 817151
What are the prime factors of 5057813427?
3, 1685937809
List the prime factors of 578814841.
11, 19, 1327, 2087
What are the prime factors of 156035449?
156035449
List the prime factors of 11095312.
2, 71, 9767
List the prime factors of 573442620.
2, 3, 5, 9557377
List the prime factors of 794245658.
2, 397122829
List the prime factors of 77342332.
2, 73, 264871
What are the prime factors of 49115655?
3, 5, 1091459
What are the prime factors of 1961387377?
53, 101, 366409
What are the prime factors of 24940734?
2, 3, 7, 13, 17, 2687
What are the prime factors of 673232654?
2, 336616327
What are the prime factors of 62553351?
3, 7, 425533
List the prime factors of 54210288.
2, 3, 11, 83, 1237
What are the prime factors of 368847061?
11, 89, 376759
What are the prime factors of 79468653?
3, 11, 2408141
List the prime factors of 464497753.
464497753
List the prime factors of 28653566.
2, 29, 43, 11489
What are the prime factors of 36514100?
2, 5, 7, 52163
What are the prime factors of 5537960878?
2, 1193, 2321023
What are the prime factors of 6334268391?
3, 11, 17, 37, 41, 827
What are the prime factors of 41929420?
2, 5, 13, 161267
List the prime factors of 1810686504.
2, 3, 11, 6858661
What are the prime factors of 55223471?
1069, 51659
List the prime factors of 3730329.
3, 97, 4273
What are the prime factors of 1898727916?
2, 2857, 166147
What are the prime factors of 85002501?
3, 103, 239, 1151
List the prime factors of 43549531.
67, 509, 1277
What are the prime factors of 363463449?
3, 547, 221489
List the prime factors of 282275079.
3, 94091693
List the prime factors of 246469343.
246469343
List the prime factors of 66851071.
7, 59, 157, 1031
List the prime factors of 75683192.
2, 13, 373, 1951
List the prime factors of 1794975673.
1493, 1202261
List the prime factors of 23371116.
2, 3, 1947593
What are the prime factors of 62066357?
607, 102251
List the prime factors of 135134209.
7, 83, 149, 223
List the prime factors of 210478701.
3, 70159567
What are the prime factors of 32715426?
2, 3, 5452571
List the prime factors of 113079614.
2, 17, 821, 4051
List the prime factors of 610450771.
7, 12458179
What are the prime factors of 106937676?
2, 3, 41, 53, 1367
List the prime factors of 25437282.
2, 3, 13, 326119
What are the prime factors of 51648405?
3, 5, 3443227
What are the prime factors of 472959051?
3, 23, 6854479
What are the prime factors of 671477144?
2, 13, 6456511
List the prime factors of 132001165.
5, 26400233
What are the prime factors of 9067761882?
2, 3, 13033, 38653
List the prime factors of 2198167620.
2, 3, 5, 11, 3330557
List the prime factors of 38797783.
38797783
What are the prime factors of 620015323?
43, 14418961
List the prime factors of 75924786.
2, 3, 7, 1807733
What are the prime factors of 35576317?
7, 5082331
What are the prime factors of 23494774?
2, 1621, 7247
List the prime factors of 1317465460.
2, 5, 47, 1401559
List the prime factors of 1678151421.
3, 19, 1697, 5783
What are the prime factors of 501158283?
3, 17, 9826633
List the prime factors of 94554571.
94554571
List the prime factors of 23628884.
2, 53, 227, 491
What are the prime factors of 2616773198?
2, 13, 383, 262781
List the prime factors of 8449291111.
41, 53, 967, 4021
What are the prime factors of 155975656?
2, 19496957
What are the prime factors of 718937379?
3, 419, 190649
List the prime factors of 12830252.
2, 61, 52583
List the prime factors of 74560233.
3, 11, 233, 9697
What are the prime factors of 64587113?
64587113
List the prime factors of 470855070.
2, 3, 5, 7, 41, 18229
List the prime factors of 8567599621.
7, 1223942803
List the prime factors of 2469208070.
2, 5, 7, 1741, 20261
List the prime factors of 172126052.
2, 7, 6147359
List the prime factors of 2140340202.
2, 3, 7, 11, 13, 10799
List the prime factors of 738864826.
2, 7, 1597, 4721
What are the prime factors of 68568016?
2, 11, 389591
List the prime factors of 1429824150.
2, 3, 5, 39227
List the prime factors of 107669992.
2, 23, 585163
What are the prime factors of 3818223205?
5, 17, 2642369
List the prime factors of 192599137.
17, 666433
What are the prime factors of 395960877?
3, 13, 79, 42839
What are the prime factors of 177222067?
11, 107, 150571
What are the prime factors of 49700225?
5, 73, 113, 241
What are the prime factors of 299242638?
2, 3, 16624591
List the prime factors of 279871798.
2, 1801, 77699
List the prime factors of 373557.
3, 239, 521
What are the prime factors of 1209103899?
3, 41, 9830113
What are the prime factors of 39257253?
3, 7, 31, 20101
What are the prime factors of 21030916?
2, 29, 181301
What are the prime factors of 202032581?
89, 673, 3373
List the prime factors of 43717287.
3, 14572429
List the prime factors of 290968635.
3, 5, 31, 271, 2309
What are the prime factors of 24249276?
2, 3, 17, 39623
List the prime factors of 111119562.
2, 3, 19, 31, 47, 223
What are the prime factors of 126953432?
2, 31, 511909
List the prime factors of 101510226.
2, 3, 67, 28057
List the prime factors of 13620894.
2, 3, 7, 29, 53, 211
List the prime factors of 980570439.
3, 108952271
What are the prime factors of 733676610?
2, 3, 5, 4051, 6037
What are the prime factors of 149608469?
1663, 89963
List the prime factors of 2571170348.
2, 83, 7744489
List the prime factors of 824225612.
2, 7, 29436629
What are the prime factors of 1956393653?
19, 5419373
What are the prime factors of 113234179?
43, 2633353
What are the prime factors of 500110532?
2, 125027633
What are the prime factors of 101368065?
3, 5, 53, 127507
What are the prime factors of 126651610?
2, 5, 359, 35279
What are the prime factors of 133057673?
7, 31, 613169
List the prime factors of 165344008.
2, 131, 157771
What are the prime factors of 59576309?
13, 149, 30757
List the prime factors of 6433670879.
43, 149620253
List the prime factors of 61094323.
59, 283, 3659
What are the prime factors of 863155106?
2, 11, 79, 197, 2521
List the prime factors of 3324517395.
3, 5, 233, 951221
List the prime factors of 7307633614.
2, 29, 1987, 63409
List the prime factors of 47334411.
3, 5259379
What are the prime factors of 4272094579?
131, 32611409
What are the prime factors of 50692183?
37, 1370059
What are the prime factors of 24375829?
24375829
List the prime factor